se 12
2250
Convert 5087 (base 12) to base 2.
10001000100111
-3ce (base 15) to base 2
-1101100101
1010000010010 (base 2) to base 10
5138
Convert -12220011 (base 3) to base 2.
-1000011001001
Convert 16d6 (base 16) to base 14.
21b8
Convert f62 (base 16) to base 15.
1278
11352 (base 9) to base 8
16634
Convert -144000 (base 5) to base 12.
-3665
What is -963 (base 13) in base 8?
-3102
What is 13245 (base 6) in base 11?
159a
108 (base 9) to base 3
10022
Convert -338 (base 11) to base 4.
-12110
Convert 47d (base 14) to base 2.
1101111111
Convert 305 (base 7) to base 13.
b9
165 (base 15) to base 11
271
Convert -2874 (base 11) to base 6.
-25103
What is -12232 (base 5) in base 7?
-2514
9898 (base 10) to base 12
588a
What is -3bda (base 16) in base 13?
-6c88
What is -11122 (base 7) in base 12?
-1761
Convert -240 (base 6) to base 11.
-88
1206 (base 8) to base 4
22012
What is 85a (base 12) in base 7?
3364
Convert -1001001000 (base 2) to base 16.
-248
8aa7 (base 11) to base 15
3835
-749 (base 10) to base 8
-1355
What is 1332 (base 12) in base 2?
100010010110
Convert 1251 (base 8) to base 2.
1010101001
What is 22282 (base 10) in base 13?
a1b0
What is 5764 (base 14) in base 16?
3b4c
Convert -31a5 (base 12) to base 10.
-5453
-144a (base 11) to base 8
-3515
Convert -52913 (base 11) to base 14.
-2009c
Convert -23426 (base 7) to base 3.
-22021222
Convert -1453 (base 10) to base 13.
-87a
Convert -9d3a (base 14) to base 10.
-27296
-13ab (base 12) to base 7
-6452
553 (base 11) to base 12
473
What is 259 (base 15) in base 9?
653
15435 (base 6) to base 7
10262
76b (base 12) to base 3
1111102
-22a05 (base 11) to base 5
-2030114
Convert -1517 (base 8) to base 5.
-11342
What is 20336 (base 7) in base 3?
20211022
Convert -1122001200 (base 3) to base 8.
-76571
What is 301 (base 10) in base 7?
610
-596 (base 12) to base 5
-11314
What is -6b05 (base 12) in base 9?
-17355
Convert 1444 (base 5) to base 13.
162
Convert 5c5 (base 15) to base 9.
1715
Convert -30000121 (base 4) to base 11.
-33a47
Convert -3254 (base 8) to base 2.
-11010101100
What is -752c (base 13) in base 7?
-65261
What is -363 (base 11) in base 4?
-12300
27617 (base 8) to base 15
391a
12103230 (base 4) to base 3
1022102220
Convert 64671 (base 8) to base 15.
8045
Convert 7b14 (base 12) to base 2.
11010110000000
Convert -1105551 (base 6) to base 3.
-2211102211
-24411 (base 13) to base 9
-111320
What is 1407 (base 8) in base 12?
547
What is -506 (base 16) in base 14?
-67c
Convert -23a79 (base 11) to base 8.
-103413
What is -25746 (base 9) in base 7?
-101442
2330442 (base 5) to base 15
c967
What is 356530 (base 7) in base 9?
107734
-1000011010011110 (base 2) to base 6
-423314
Convert 2572 (base 13) to base 8.
12324
What is -11110000110110 (base 2) in base 4?
-3300312
Convert 10011111011100 (base 2) to base 16.
27dc
What is -1c60 (base 16) in base 10?
-7264
6873 (base 13) to base 9
22053
Convert -1321030 (base 5) to base 9.
-40172
Convert 12102 (base 4) to base 3.
112220
-130 (base 10) to base 14
-94
What is -166 (base 8) in base 9?
-141
What is -32100 (base 4) in base 7?
-2442
Convert -2220220 (base 3) to base 12.
-1296
13123 (base 5) to base 7
3012
-20235 (base 7) to base 14
-1b1c
1011101011 (base 2) to base 15
34c
-12200021 (base 3) to base 2
-1000000101010
Convert 773 (base 8) to base 2.
111111011
Convert 42211 (base 5) to base 10.
2806
What is 4170 (base 8) in base 12?
1308
Convert 203310 (base 4) to base 13.
1074
Convert 42413 (base 10) to base 14.
11657
-8234 (base 9) to base 15
-1bba
What is -100101101001 (base 2) in base 15?
-aa9
Convert -12010 (base 3) to base 15.
-93
-1209 (base 13) to base 9
-3436
1005324 (base 6) to base 4
23223310
Convert -30d8 (base 15) to base 7.
-42053
What is -12532 (base 13) in base 9?
-51371
What is a55 (base 13) in base 8?
3340
Convert -21222121 (base 4) to base 12.
-1aaa1
Convert 10332002 (base 4) to base 7.
113225
-1121102 (base 5) to base 12
-b7b4
2b1 (base 14) to base 12
397
What is 413244 (base 5) in base 8?
32406
45 (base 6) to base 13
23
Convert 8a10 (base 12) to base 8.
35654
-a4c1 (base 14) to base 12
-14521
Convert -20d (base 14) to base 11.
-339
Convert 1111110010 (base 2) to base 15.
475
34316 (base 7) to base 11
6621
What is -19662 (base 10) in base 11?
-13855
Convert -100110110111100 (base 2) to base 5.
-1114100
Convert 1022122 (base 3) to base 14.
4ca
What is -2100112 (base 3) in base 16?
-6b3
Convert 123a0 (base 13) to base 14.
c356
101110011011001 (base 2) to base 12
11909
What is -2148 (base 12) in base 5?
-104111
What is -497 (base 14) in base 10?
-917
What is -5711 (base 14) in base 5?
-440412
110100100 (base 2) to base 10
420
Convert 50434 (base 7) to base 16.
2fc2
What is -212022 (base 3) in base 10?
-629
What is -35345 (base 6) in base 11?
-3921
What is -10323 (base 11) in base 16?
-3ab5
Convert 1220201 (base 3) to base 4.
111310
Convert -1003121 (base 5) to base 15.
-4b41
What is 66620 (base 10) in base 16?
1043c
What is 62e (base 15) in base 14?
718
Convert 1eaa (base 15) to base 5.
203220
864 (base 12) to base 11
a17
-110011211 (base 3) to base 4
-2022232
What is 2203 (base 5) in base 15?
153
What is -2334 (base 15) in base 7?
-30535
-512142 (base 6) to base 5
-2300140
-37c (base 14) to base 9
-855
Convert -820 (base 12) to base 4.
-102120
Convert 102322 (base 4) to base 10.
1210
Convert 710 (base 8) to base 16.
1c8
Convert 10000000000 (base 2) to base 3.
1101221
Convert -14451 (base 8) to base 11.
-4926
What is 100100 (base 2) in base 5?
121
What is -100011 (base 5) in base 6?
-22255
Convert 5062 (base 9) to base 14.
14c5
-243000 (base 5) to base 2
-10001110100101
Convert -1499 (base 13) to base 11.
-2287
-18204 (base 9) to base 7
-51421
What is -920 (base 15) in base 6?
-13303
Convert -51 (base 15) to base 2.
-1001100
Convert 1038 (base 10) to base 2.
10000001110
Convert 64 (base 16) to base 7.
202
Convert -2303202 (base 4) to base 8.
-26342
What is -33036 (base 8) in base 11?
-a455
-a2 (base 11) to base 6
-304
What is 1119 (base 14) in base 13?
146c
Convert 1dd (base 14) to base 7.
1066
1215 (base 8) to base 7
1622
-775 (base 10) to base 12
-547
Convert -1222101 (base 3) to base 14.
-74d
20653 (base 10) to base 11
14576
2323 (base 8) to base 15
575
Convert e28 (base 15) to base 9.
4332
Convert -5b5 (base 14) to base 12.
-7ab
-2334 (base 5) to base 16
-158
-1241 (base 9) to base 11
-774
1237 (base 10) to base 6
5421
-277 (base 11) to base 12
-232
What is 13011 (base 4) in base 5?
3303
What is -13324 (base 7) in base 3?
-11221011
Convert 1133 (base 4) to base 10.
95
What is -257302 (base 8) in base 2?
-10101111011000010
What is -105 (base 15) in base 4?
-3212
What is -19117 (base 10) in base 7?
-106510
9639 (base 12) to base 15
4d26
What is 22331121 (base 4) in base 16?
af59
417 (base 15) to base 9
1234
Convert 98d (base 14) to base 5.
30024
What is -6d41 (base 14) in base 11?
-13366
What is -4228 (base 13) in base 10?
-9160
118c (base 15) to base 4
322110
What is 14912 (base 11) in base 6?
241311
Convert -276 (base 9) to base 12.
-173
Convert -1330332 (base 5) to base 13.
-c375
Convert cad8 (base 14) to base 13.
12c74
Convert -20307 (base 9) to base 7.
-53662
What is bb (base 12) in base 16?
8f
What is -101020110 (base 3) in base 12?
-43a0
What is -2c28 (base 13) in base 8?
-14470
Convert 70 (base 15) to base 9.
126
Convert 156626 (base 7) to base 6.
400212
Convert 14161 (base 11) to base 15.
5e88
-a032 (base 12) to base 6
-212102
Convert -356 (base 14) to base 3.
-220121
253151 (base 6) to base 7
123214
100210 (base 3) to base 9
323
8512 (base 12) to base 5
431213
Convert -126 (base 7) to base 3.
-2120
15053 (base 6) to base 5
34114
-655 (base 12) to base 3
-1021102
Convert a558 (base 14) to base 10.
28498
Convert 20a0 (base 11) to base 6.
20500
-12001110 (base 4) to base 12
-12330
3214 (base 7) to base 12
7aa
What is -2acb (base 14) in base 11?
-5804
Convert -41033 (base 5) to base 2.
-101001010011
Convert -7a09 (base 11) to base 10.
-10536
What is 2434 (base 13) in base 5?
130423
Convert -b2 (base 14) to base 2.
-10011100
-4024 (base 5) to base 2
-1000000010
What is 1001001100101110 (base 2) in base 13?
141c4
Convert 858a (base 11) to base 16.
2c57
4bd4 (base 15) to base 3
211012001
Convert 4426 (base 7) to base 10.
1588
1990 (base 10) to base 